{"id":37,"date":"2023-02-09T14:35:02","date_gmt":"2023-02-09T14:35:02","guid":{"rendered":"https:\/\/atelierlabaraque.com\/?page_id=37"},"modified":"2024-09-30T14:56:25","modified_gmt":"2024-09-30T14:56:25","slug":"mediation-artistique","status":"publish","type":"page","link":"https:\/\/atelierlabaraque.com\/?page_id=37","title":{"rendered":"M\u00e9diation Artistique"},"content":{"rendered":"\n<p>Dans une volont\u00e9 de r\u00e9duire les in\u00e9galit\u00e9s d\u2019acc\u00e8s \u00e0 l\u2019art et \u00e0 la culture, l&rsquo;Atelier de La Baraque intervient aupr\u00e8s de publics vari\u00e9s, en s&rsquo;adaptant aux besoins sp\u00e9cifiques des structures partenaires,<\/p>\n\n\n\n<p>Gr\u00e2ce \u00e0 des m\u00e9diums comme le dessin, la photographie, le fanzine et l&rsquo;impression artisanale, nous encourageons l&rsquo;expression cr\u00e9ative et le dialogue. Ces pratiques artistiques servent de passerelles entre les participant\u00b7e\u00b7s et les artistes, tout en stimulant l\u2019imaginaire et les comp\u00e9tences de chacun\u00b7e.<\/p>\n\n\n\n<p>Chaque intervention est co-con\u00e7ue avec les structures partenaires, favorisant des \u00e9changes riches et une approche collaborative adapt\u00e9e \u00e0 chaque contexte.<\/p>\n\n\n\n<figure class=\"wp-block-gallery has-nested-images columns-default is-cropped wp-block-gallery-1 is-layout-flex wp-block-gallery-is-layout-flex\">\n<figure class=\"wp-block-image size-large\"><img loading=\"lazy\" decoding=\"async\" width=\"903\" height=\"1024\" data-id=\"108\" src=\"https:\/\/atelierlabaraque.com\/wp-content\/uploads\/2023\/02\/PSX_20220726_110900-1-903x1024.jpg\" alt=\"\" class=\"wp-image-108\" srcset=\"https:\/\/atelierlabaraque.com\/wp-content\/uploads\/2023\/02\/PSX_20220726_110900-1-903x1024.jpg 903w, https:\/\/atelierlabaraque.com\/wp-content\/uploads\/2023\/02\/PSX_20220726_110900-1-265x300.jpg 265w, https:\/\/atelierlabaraque.com\/wp-content\/uploads\/2023\/02\/PSX_20220726_110900-1-768x871.jpg 768w, https:\/\/atelierlabaraque.com\/wp-content\/uploads\/2023\/02\/PSX_20220726_110900-1-1355x1536.jpg 1355w, https:\/\/atelierlabaraque.com\/wp-content\/uploads\/2023\/02\/PSX_20220726_110900-1-1807x2048.jpg 1807w, https:\/\/atelierlabaraque.com\/wp-content\/uploads\/2023\/02\/PSX_20220726_110900-1-300x340.jpg 300w, https:\/\/atelierlabaraque.com\/wp-content\/uploads\/2023\/02\/PSX_20220726_110900-1-850x964.jpg 850w\" sizes=\"auto, (max-width: 903px) 100vw, 903px\" \/><\/figure>\n\n\n\n<figure class=\"wp-block-image size-large\"><img loading=\"lazy\" decoding=\"async\" width=\"1024\" height=\"1024\" data-id=\"106\" src=\"https:\/\/atelierlabaraque.com\/wp-content\/uploads\/2023\/02\/Untitled-design-9-1024x1024.png\" alt=\"\" class=\"wp-image-106\" srcset=\"https:\/\/atelierlabaraque.com\/wp-content\/uploads\/2023\/02\/Untitled-design-9-1024x1024.png 1024w, https:\/\/atelierlabaraque.com\/wp-content\/uploads\/2023\/02\/Untitled-design-9-300x300.png 300w, https:\/\/atelierlabaraque.com\/wp-content\/uploads\/2023\/02\/Untitled-design-9-150x150.png 150w, https:\/\/atelierlabaraque.com\/wp-content\/uploads\/2023\/02\/Untitled-design-9-768x768.png 768w, https:\/\/atelierlabaraque.com\/wp-content\/uploads\/2023\/02\/Untitled-design-9-850x850.png 850w, https:\/\/atelierlabaraque.com\/wp-content\/uploads\/2023\/02\/Untitled-design-9.png 1080w\" sizes=\"auto, (max-width: 1024px) 100vw, 1024px\" \/><\/figure>\n\n\n\n<figure class=\"wp-block-image size-large\"><img loading=\"lazy\" decoding=\"async\" width=\"1024\" height=\"1024\" data-id=\"107\" src=\"https:\/\/atelierlabaraque.com\/wp-content\/uploads\/2023\/02\/Untitled-design-11-1024x1024.png\" alt=\"\" class=\"wp-image-107\" srcset=\"https:\/\/atelierlabaraque.com\/wp-content\/uploads\/2023\/02\/Untitled-design-11-1024x1024.png 1024w, https:\/\/atelierlabaraque.com\/wp-content\/uploads\/2023\/02\/Untitled-design-11-300x300.png 300w, https:\/\/atelierlabaraque.com\/wp-content\/uploads\/2023\/02\/Untitled-design-11-150x150.png 150w, https:\/\/atelierlabaraque.com\/wp-content\/uploads\/2023\/02\/Untitled-design-11-768x768.png 768w, https:\/\/atelierlabaraque.com\/wp-content\/uploads\/2023\/02\/Untitled-design-11-850x850.png 850w, https:\/\/atelierlabaraque.com\/wp-content\/uploads\/2023\/02\/Untitled-design-11.png 1080w\" sizes=\"auto, (max-width: 1024px) 100vw, 1024px\" \/><\/figure>\n<\/figure>\n\n\n\n<figure class=\"wp-block-gallery has-nested-images columns-default is-cropped wp-block-gallery-2 is-layout-flex wp-block-gallery-is-layout-flex\">\n<figure class=\"wp-block-image size-large\"><img loading=\"lazy\" decoding=\"async\" width=\"768\" height=\"1024\" data-id=\"105\" src=\"https:\/\/atelierlabaraque.com\/wp-content\/uploads\/2023\/02\/20220415_193407-768x1024.jpg\" alt=\"\" class=\"wp-image-105\" srcset=\"https:\/\/atelierlabaraque.com\/wp-content\/uploads\/2023\/02\/20220415_193407-768x1024.jpg 768w, https:\/\/atelierlabaraque.com\/wp-content\/uploads\/2023\/02\/20220415_193407-225x300.jpg 225w, https:\/\/atelierlabaraque.com\/wp-content\/uploads\/2023\/02\/20220415_193407-1152x1536.jpg 1152w, https:\/\/atelierlabaraque.com\/wp-content\/uploads\/2023\/02\/20220415_193407-1536x2048.jpg 1536w, https:\/\/atelierlabaraque.com\/wp-content\/uploads\/2023\/02\/20220415_193407-300x400.jpg 300w, https:\/\/atelierlabaraque.com\/wp-content\/uploads\/2023\/02\/20220415_193407-850x1133.jpg 850w, https:\/\/atelierlabaraque.com\/wp-content\/uploads\/2023\/02\/20220415_193407-scaled.jpg 1920w\" sizes=\"auto, (max-width: 768px) 100vw, 768px\" \/><\/figure>\n<\/figure>\n\n\n\n<div class=\"wp-block-columns is-layout-flex wp-container-core-columns-is-layout-9d6595d7 wp-block-columns-is-layout-flex\">\n<div class=\"wp-block-column is-layout-flow wp-block-column-is-layout-flow\" style=\"flex-basis:100%\">\n<div class=\"wp-block-columns is-layout-flex wp-container-core-columns-is-layout-9d6595d7 wp-block-columns-is-layout-flex\">\n<div class=\"wp-block-column is-layout-flow wp-block-column-is-layout-flow\" style=\"flex-basis:100%\">\n<figure class=\"wp-block-image size-full\"><img loading=\"lazy\" decoding=\"async\" width=\"720\" height=\"960\" src=\"https:\/\/atelierlabaraque.com\/wp-content\/uploads\/2024\/09\/d54d1942-68f8-48b8-8962-48fc0cd00cec.webp\" alt=\"\" class=\"wp-image-177\" srcset=\"https:\/\/atelierlabaraque.com\/wp-content\/uploads\/2024\/09\/d54d1942-68f8-48b8-8962-48fc0cd00cec.webp 720w, https:\/\/atelierlabaraque.com\/wp-content\/uploads\/2024\/09\/d54d1942-68f8-48b8-8962-48fc0cd00cec-225x300.webp 225w\" sizes=\"auto, (max-width: 720px) 100vw, 720px\" \/><\/figure>\n<\/div>\n<\/div>\n<\/div>\n<\/div>\n","protected":false},"excerpt":{"rendered":"<p>Dans une volont\u00e9 de r\u00e9duire les in\u00e9galit\u00e9s d\u2019acc\u00e8s \u00e0 l\u2019art et \u00e0 la culture, l&rsquo;Atelier de La Baraque intervient aupr\u00e8s de publics vari\u00e9s, en s&rsquo;adaptant aux besoins sp\u00e9cifiques des structures partenaires, Gr\u00e2ce \u00e0 des m\u00e9diums comme le dessin, la photographie, le fanzine et l&rsquo;impression artisanale, nous encourageons l&rsquo;expression cr\u00e9ative et le dialogue. Ces pratiques artistiques &hellip; <\/p>\n","protected":false},"author":2,"featured_media":0,"parent":0,"menu_order":0,"comment_status":"closed","ping_status":"closed","template":"","meta":{"_themeisle_gutenberg_block_has_review":false,"footnotes":""},"class_list":["post-37","page","type-page","status-publish","hentry"],"_links":{"self":[{"href":"https:\/\/atelierlabaraque.com\/index.php?rest_route=\/wp\/v2\/pages\/37","targetHints":{"allow":["GET"]}}],"collection":[{"href":"https:\/\/atelierlabaraque.com\/index.php?rest_route=\/wp\/v2\/pages"}],"about":[{"href":"https:\/\/atelierlabaraque.com\/index.php?rest_route=\/wp\/v2\/types\/page"}],"author":[{"embeddable":true,"href":"https:\/\/atelierlabaraque.com\/index.php?rest_route=\/wp\/v2\/users\/2"}],"replies":[{"embeddable":true,"href":"https:\/\/atelierlabaraque.com\/index.php?rest_route=%2Fwp%2Fv2%2Fcomments&post=37"}],"version-history":[{"count":3,"href":"https:\/\/atelierlabaraque.com\/index.php?rest_route=\/wp\/v2\/pages\/37\/revisions"}],"predecessor-version":[{"id":178,"href":"https:\/\/atelierlabaraque.com\/index.php?rest_route=\/wp\/v2\/pages\/37\/revisions\/178"}],"wp:attachment":[{"href":"https:\/\/atelierlabaraque.com\/index.php?rest_route=%2Fwp%2Fv2%2Fmedia&parent=37"}],"curies":[{"name":"wp","href":"https:\/\/api.w.org\/{rel}","templated":true}]}}